What is -58 - (-5 + 41 - 39 - 17)?
-38
Evaluate 31 + (2 - 3) - 6 - (231 + -243).
36
2 + 46 - 32 - -22
38
What is the value of 2 + (1 - 0) + 5 + (-196 - -45 - -105)?
-38
Evaluate (102 - 87) + (6 + (-17 - -4) - -47).
55
What is the value of -7 - ((2 - (-83 + 7)) + 2 - 14)?
-73
What is (1 - (-8 + 23 - 27)) + 20?
33
Evaluate 33 + (67 - 35) + -28.
37
What is the value of -16 - (23 - 52 - 13)?
26
Calculate -30 + (-31 - (-44 - (-39 - -55))).
-1
What is the value of 79 - (3 - (-22 + 13 + -5 + 4))?
66
What is the value of 48 - (33 - 9) - -49?
73
What is (0 - 11) + -1 + (-50 - -51) + -120?
-131
-88 - (-88 - 6 - 1)
7
What is -8 + (-12 - (2 + -63))?
41
What is -2 + -67 - -28 - (-8 - -19)?
-52
What is 73 + 7 + -26 - 20 - 18?
16
2 + 1 - 0 - 0 - (9 - (128 - 38))
84
-74 + (-3 - 9) + 54
-32
Calculate (-3 - (-97 - 1)) + (45 + -77 - -9).
72
What is the value of 12 - (-3 - (-79 - -19))?
-45
-59 + (76 - (69 - 33))
-19
Calculate -55 - (-25 - -26 - 38).
-18
What is (73 - (-7 - -48)) + -124?
-92
Evaluate -77 + -40 + 24 - -45.
-48
Calculate 0 - -33 - (21 + 52 + -86).
46
Calculate (-572 - -583) + -2 + 7 + 0 - (-20 + 31).
5
4 + -10 + 5 - (106 + -100)
-7
43 - (-3 - -1) - (-48 - (-22 - (-64 - -84)))
51
(39 + (-36 - -8) - -8) + 10
29
Calculate (-22 - (-8 + -14)) + -7 + -2.
-9
What is (8 + 5 + -13 - (3 - -17)) + (-4 - -2)?
-22
What is the value of (89 - (-2 - 5)) + -8 + -30 + 40?
98
What is the value of -81 + (8 - 80) + 123?
-30
Calculate 80 - ((16 - 27) + 56).
35
Calculate 17 + -4 + -8 + 39 - 23.
21
What is the value of 114 + -116 - (-13 + (6 - -32) + -6)?
-21
What is the value of 17 + -45 + 46 + -2?
16
-19 + 10 + 120 + -104
7
18 - (20 - 47 - (-15 - (6 + -9)))
33
Evaluate 113 + (-16 - (1 + -2)).
98
What is (-2 - -24) + (-197 + 212 - (-47 + 0))?
84
What is 39 + -297 + 264 - (1 - (18 + 1 - 0))?
24
What is the value of (-18 - -31) + 6 + 7 + 10 + 8?
44
28 + -5 + -4 + -1 + 21
39
Calculate 127 + (26 + 37 + -62 - 31).
97
Evaluate -88 + 68 + 39 + 9.
28
What is the value of 25 + -5 + 0 + 113 + 58 + -83?
108
21 + -15 + 9 + -34 + 2 + (-3 - 2)
-22
-22 - (-1 - 22) - ((3 - (-2 - -5)) + 28)
-27
-25 + -8 + (0 - (-38 + 10))
-5
What is the value of 0 + -2 + (15 + -27 - -45 - 22)?
9
What is -314 - -300 - (1 + 4 + 2 - 139 - -6)?
112
What is the value of -555 + 610 + -7 + 4?
52
What is -3 + -6 + (67 + -48 - 28) - 40?
-58
-40 + (367 - 362 - (2 - -6))
-43
What is (-75 + 144 - 99) + 25?
-5
What is the value of (-20 - -36 - (2 + -3)) + -47 + (6 - 1)?
-25
What is -23 + 12 + (11 - 6) + 1?
-5
(18 + -25 - (1 + 4)) + -13 + 21 - -90
86
What is 18 + -13 - (-99 - (-31 + -4))?
69
What is (97 - 1) + 42 + (-79 - -42) - (0 - -4)?
97
What is 0 + -16 - (-445 + 451) - 12?
-34
What is 39 + (-2 - (6 + 72))?
-41
-8 - (31 + -59) - 92
-72
Calculate 2 - (-2 + 1 + -1 - (-974 - -973)).
3
What is -18 - (11 + (-13 + 16 - -2))?
-34
Evaluate -26 + 18 - -86 - 22.
56
(-55 + 34 - (-31 - -33)) + 27
4
144 - (-41 + 0 + 29 + 35)
121
Calculate -46 - (-32 - (54 - 81)).
-41
Evaluate (-9 - -2) + -1 + 576 + -644.
-76
Evaluate 13 + -78 - -13 - (64 + -96).
-20
What is the value of (2 + 14 - (99 + 1)) + -5?
-89
Evaluate 1 + (-8 - -8) + (4 - 7 - 8).
-10
Calculate 7 - (1 + 0 + 36 + -8 + 9).
-31
What is 12 + 1 - (-38 - (-51 + -30))?
-30
Calculate 31 + 30 + (-38 - 7).
16
Calculate 13 - (8 + 7 + -1 + -14).
13
What is (97 - (-21 + 132)) + -8 + 1?
-21
What is -58 + 44 - (-7 - (8 + -54))?
-53
(16 - -13 - 45) + 6 + -1 + 35
24
Evaluate (102 - 65 - 76) + 82.
43
-146 + -321 + 522 + (-43 - 0)
12
What is -187783 + 187702 - (-1 + 1 + 38)?
-119
-59 + -2 - (1298 + -1322)
-37
Evaluate 2 + 5 + (-33 + 0 - (-115 + 142)).
-53
Calculate (17 + -12 + -7 - (38 - -1)) + 13 + -5.
-33
Calculate 112 + -64 + 13 + -57.
4
Evaluate (-47 - -20 - -37) + 40.
50
Evaluate -49 - (-11 - 30) - -7 - -35.
34
Calculate 1 - 7 - (19 + (-119 - -83)) - 116.
-105
Evaluate (-3 - (93 - (4 - 3))) + (808 - 805) + 16.
-76
Calculate 2 + -49 - ((3 + -6 - -11) + -6 + -5).
-44
Calculate (15 + -8 - (5 - 4) - 3) + 1.
4
Evaluate -132 - -225 - ((6 - (0 + 3)) + 14).
76
What is (258 + -251 - (13 + -1) - (1 - 10)) + 15?
19
Calculate 13 + (-2 + 11 + -12 - 13).
-3
What is the value of (-130 - -92) + 0 + 39?
1
What is 51 - (61 + 18) - -76?
48
Evaluate -206 + (261 - 122) + 14.
-53
What is 5 + (3 - (8 + -23 + 26 + 0 + 0))?
-3
Evaluate 14 - (-16 - -47 - -45).
-62
(134 - 118 - -110) + -29
97
What is -117 + 130 + -162 - -130?
-19
What is -38 + 98 + -108 + 2 + 7?
-39
What is 46 - 4 - (561 + -437)?
-82
(3 - -91) + 95 + -153
36
(-6 + -9 - (0 + -13 - (194 + -246))) + -11
-65
Evaluate 9 - -4 - ((16 - 31 - -9) + -100).
119
What is (-109 - -143) + -1 + (-5 - 3)?
25
Evaluate 10 + (-2212 + 2182 - (5 + -1 - 0)).
-24
What is the value of (-169 - (-268 + 118)) + (1 - -27)?
9
Calculate -2 - 84 - (-9933 - -9971).
-124
Evaluate -64 + -26 - (-22 + -53).
-15
What is the value of 5 - (-2340 + 2340 - (-2 + 3 + 0 - 14))?
-8
223 + -226 - ((-12 - -1) + -2 + 4)
6
90 + -41 + -55 + 14
8
Evaluate 8 - (-4 + 8) - (-1 + 15 - -13).
-23
What is (2 - -1 - 2 - -9) + (174 + -342 - -202)?
44
Calculate -7 + 8 + -6 + 2 - 2.
-5
What is -48 + 1 + (11 - 7 - -48) + -47?
-42
What is (29 - 17) + -6 + -50 + -1 + (27 - 16)?
-34
What is the value of 18 + (9 - 65 - (28 - 16))?
-50
What is -13 + (13 - 3) + 2 + 171 + -45?
125
What is the value of ((22 - 1) + -37 - 43) + 23?
-36
Calculate (-7 - (-3 + 8)) + -64 + 42 - -5.
-29
Evaluate -1 - (-3 - -6 - 0 - 60 - (-48 + 55)).
63
Evaluate -68 + -2 + 15 + 9 + 2 + -2 + 2.
-44
Evaluate -8 + -3 + (-60 - (-37 - 24) - (-80 - 1)).
71
0 + 0 + 73 - (-94 - (62 - 169))
60
What is (-4 - -9) + (-6 + (8 - 10) - 11)?
-14
Calculate -383 - -651 - 375 - (-4 + -1).
-102
Calculate 33 + -126 + -4 - -21.
-76
What is -1 + 7 + 33 + -14 + 4 + -24?
5
-8 - (1 + -4) - (2017 + -1971)
-51
-5 - -5 - ((9 - -4 - 8) + 7)
-12
Calculate (53 - -29) + -145 + 56.
-7
Calculate (-59 - -224) + -66 - 39.
60
Evaluate -8 + 5 + 80 - (-1 - -20).
58
Evaluate 11 - (105 + -40) - -35.
-19
Calculate -4 + (5 + -1 - 8) + (-47 - -103) + 25.
73
60 - (18 - -14 - ((-6 - -8) + 13))
43
Evaluate (-85 - -139) + -93 - -132.
93
What is the value of (-3 - -7) + (-11 - (19 + -24 + -10)) + 26?
34
Calculate 35 + (30 - (-3 - -3)) - (-1 + 11 + -2).
57
Calculate (-5 - (3 - 23)) + (-51 - (-105 - -40)).
29
Calculate 40 + (-20 - (39 - 69)).
50
Evaluate (37 - 45) + (1 - (-13 - -4)) - 11.
-9
(2 - 0 - -51) + -163 + (170 - -1)
61
What is the value of 6 + (-30 - 43) - -66?
-1
What is 2 + (10 - ((-80 - -6) + 3 - (-60 + 51)))?
74
What is the value of 11 - (7 + (-34 - -104))?
-66
What is 2 - (-12 + 2) - (-73 - (-11 + 11))?
85
Calculate -36 + -4 + 2 + 1 + -1 + 14 + -18.
-42
Calculate 1 + 3 + -5 + (3 - 0) - 1 - -32.
33
-29 + 10 + -22 + (-2 - -23)
-20
What is (1 - -2) + 4 - ((9 - (-8 + -58)) + -2)?
-66
Calculate 6 + 0 + -1 - (-5 + (14 - 1)).
-3
Calculate -20 + (43 - 4) + -98 + 71.
-8
What is the value of (0 - -9) + -11 + (1 - -1) + 254 + -245?
9
6961 + -6926 - (0 + (-4 - -126))
-87
What is the value of -12 - (-16 - (18 + -28)) - 121 - 2?
-129
Evaluate 5 + 15 - (39 + -29) - (-39 - -10).
39
What is (-92 - -35) + (-19 - 7 - -3) + -23?
-103
(1221 - 1288 - (0 - 61)) + (0 + 1 - 1)
-6
What is (-215 - -216) + -7 + 2 + -28?
-32
What is 1187 + -1277 - (-51 + 2)?
-41
What is the value of -21 - (11 + 4 + 11 + -3)?
-44
Evaluate 14 + 25 + -20 + (17 - 10) + -12 + 32.
46
(89 - -1) + 18 + 2 + -22 + 7 + -10
85
Evaluate 22 + -7 - -15 - -4 - (3 + 0).
31
-2 - (50 + -16) - (71 - 176)
69
What is the value of (25 - (11 + 11)) + (8 - 1) - (58 + 1)?
-49
What is the value of -16 + 25 - (8 + (63 - 5)) - (4 - -9)?
-70
Calculate 2 + 0 + (-5 + -5 - 0) + -39.
-47
What is the value of (0 - ((45 - 25) + -24)) + 35?
39
Calculate (24 - 81) + 38 - (-3 + (2 - 6 - -16)).
-28
Calculate 37 + 111 - 87 - (0 + 4).
57
Calculate 380 + -262 + (-8 - (15 - -7)).
88
-5 - -23 - -22 - 68
-28
What is -4 - -76 - (42 + -30 + 32 + -24)?
52
What is the value of 24 - (79 - (77 - 41))?
-19
Calculate -1936 - -1915 - (0 - 69).
48
(16 + -2 + 4 - (-71 + (101 - 22))) + -35
-25
Evaluate -3 + -19 + 5 + (-301 - -312).
-6
33 + -5 + -8 + (6 - 18) + 6
14
Calculate (107 + 202 - 232) + -8 + -1 + 1.
69
What is 33 - 0 - ((26 - (-16 + 14)) + (-28 - -14))?
19
Calculate -96 + -82 + 252 + (3 - 50).
27
What is the value of (29 - 34) + 53 + -17?
31
What is 16265 + -16260 -